e 0 = v - j + 40, -2*v + 3*j - 121 = -36. Let l = v - -32. What is c(l)?
5
Suppose -u = u. Let r(j) = -11*j**3 + 11*j**2 + 2*j - 33. Let c(m) = 5*m**3 - 5*m**2 - m + 16. Let z(o) = 13*c(o) + 6*r(o). What is z(u)?
10
Let h(k) = -k**2 + 7*k + 3. Let f(y) = -5 + 4 - 3 + y**2 - y + 3*y. Let d be f(-4). Let u be d - -1 - (-4)/4. Give h(u).
9
Let h be (-242)/(-4) + 15/30. Suppose h = -9*x - 2. Let z(k) = -k**3 - 7*k**2 + k - 2. What is z(x)?
-9
Let g(w) = 7*w**2 + 7*w - 6*w**2 - 44 + 49. Let i = 81 - 87. What is g(i)?
-1
Let b be ((-4)/(-6))/(2/3). Let i(m) = m**3 - 1. Let p(j) = -7*j**2 - j - 6. Suppose 4*s = -s - 5. Let x(n) = b*i(n) + s*p(n). Calculate x(-7).
-2
Let y(x) = 13*x**2 - 9*x + 45. Let z(k) = 3*k**2 - 2*k + 11. Let v(g) = -2*y(g) + 9*z(g). Let r = 24 + -24. What is v(r)?
9
Let r(o) = -6*o**2 - 56*o + 76. Let w(q) = -q**2 - 11*q + 15. Let z(g) = -2*r(g) + 11*w(g). Give z(7).
-1
Let d(v) = v**3 + v - 6. Suppose 360*h = 355*h. What is d(h)?
-6
Let f be ((-6)/3 - -3)*8. Suppose 0 = -2*t + 4*i - 4, 3*i + 2 = t + f. Let s(a) = 7 + 0 - 2*a - t + 6. Calculate s(5).
-3
Let x(n) = n**2 + 4*n - 1. Suppose -10 = 28*q - 30*q. Suppose -5*u = -10, 3*u - 4*u - 23 = q*g. What is x(g)?
4
Let r = 582 + -585. Let f(b) = -20*b**2 + 17*b + 3. Let k(z) = -7*z**2 + 6*z + 1. Let u(v) = 6*f(v) - 17*k(v). Calculate u(r).
-8
Suppose -2*s + 3*s = 2. Let z(o) = -6*o - 17*o - 7 + o**s + 16*o. Determine z(7).
-7
Let g(l) = -1 - 128*l**3 - 11*l + 127*l**3 + l**2 + 7*l**2. What is g(6)?
5
Let o(h) = -h**2 - 3*h - 9. Let y be o(-4). Let v = y + 10. Let z(m) be the first derivative of m**4/4 + m**3 + 1. Determine z(v).
0
Let x be (3 + 40/(-12))*-9. Let q be -3 + (x - -8) + -3. Let k(c) = -1 + q*c**2 + 4 - c - 2 + 0. Calculate k(1).
5
Let s(q) = -3*q + 1 + q - 4 + 2*q**2 + 4. Let r(k) = -k**3 - 2*k**2 + k + 2. Let h be r(0). Calculate s(h).
5
Suppose 4 = -9*r + 11*r. Let s(b) = -b**3 + 4*b**2 - b - 3. Let w be s(r). Let y(p) = p - 7. Calculate y(w).
-4
Let h(z) = 3*z - 3. Suppose 4*x + 4*o = -36, 6*o + 1 = -4*x + 9*o. What is h(x)?
-15
Suppose 0 = 2*j - 5*j - 2*l - 10, 2*j + 10 = 2*l. Let v = 4 + -3. Let b(x) = x + 3*x + v + x - 3*x. Calculate b(j).
-7
Let u(q) = 2*q**2 - 3*q + 580 - 578 - 3*q**2. Determine u(-3).
2
Let r(i) be the third derivative of i**6/120 + 7*i**5/60 + 7*i**4/24 + i**3/2 - i**2. Suppose -4 = v - 3*v. Suppose v*t - 6*t = 24. Give r(t).
-3
Let g(x) = 21 - 11 + 1 - 7 - 4*x. Determine g(-8).
36
Let j(u) = -3*u + 16. Suppose 22 + 6 = 7*p. What is j(p)?
4
Let g(b) be the third derivative of b**8/6720 + b**7/2520 - b**6/720 + b**5/20 + 23*b**4/24 - 27*b**2. Let l(d) be the second derivative of g(d). What is l(0)?
6
Let m(c) = 6*c + 1. Let f(r) = -4*r - 1. Let y(n) = -4*f(n) - 5*m(n). Determine y(1).
-15
Let g(h) be the second derivative of h**5/20 - h**4/3 + 5*h**3/6 + h**2 - 41*h - 2. Calculate g(4).
22
Let c(h) = -h**2 - 3*h - 1. Let n(i) = -2*i + 7. Let d be n(5). Let m be d/6*(0 - 2). Let w = m - 4. Determine c(w).
-1
Let c(o) = 12*o - 11. Let d(u) = 48*u - 42. Let z(n) = -15*c(n) + 4*d(n). What is z(2)?
21
Let h(n) be the first derivative of 3*n**2/2 + 9*n + 668. Determine h(-7).
-12
Let c(d) be the third derivative of d**4/12 - d**3/2 - 69*d**2. Determine c(2).
1
Let z(s) = 2*s - 24. Let n be z(11). Suppose 5 = 2*d - 1. Let u(p) = -2*p**2 - 5*p**3 - 2 + p + 2*p**d + p**3 + 0*p. Determine u(n).
4
Let f = 16 + -8. Let w be 15/(-10) - (-4)/f. Let o be (-1*(-2 + 2))/w. Let p(t) = -t**2 - 1. What is p(o)?
-1
Let o(m) = m**3 - 2*m**2 - m. Let n be o(0). Let t(h) = 5*h + 2. What is t(n)?
2
Suppose -5*u + n = -58, 6*u - 4*n = u + 52. Let q(t) = 13*t + 10 + 3 - u*t. Determine q(-11).
2
Let b(a) = 3*a + 1. Suppose 7*f - 6*f + 4 = 0. What is b(f)?
-11
Let n(p) = -5*p**3 + 13*p**2 + 19*p - 8. Let b(l) = 14*l**3 - 39*l**2 - 56*l + 24. Let j(i) = 4*b(i) + 11*n(i). Determine j(14).
-6
Let n(v) = 3*v + 1. Let w(h) = -h**3 - 8*h**2 - 6*h + 6. Let d(p) = -p. Let m be d(2). Let t = m - 5. Let a be w(t). Give n(a).
-2
Let c(f) = f**3 + 33*f**2 - 4. Let i be c(-33). Let n(v) = v - 2. Determine n(i).
-6
Suppose 0*y - 28 = -7*y. Let k = y + -6. Let w(s) be the second derivative of -s**4/6 - s**3/3 + s**2/2 + s. What is w(k)?
-3
Let a be ((-6)/(-5))/(2/(-10)). Suppose 393 = 5*p + 48. Let q(l) = -p*l - 5 + 67*l - 3. Give q(a).
4
Let b(g) = 5*g - 32. Let i(l) = 9*l - 65. Let z(o) = -7*b(o) + 4*i(o). Give z(27).
-9
Let i(b) = 5*b**2 - 4*b + 2. Let s = 58 - 46. Suppose -s*a + 30 = 3*a. Calculate i(a).
14
Let j = 35 + -35. Let y(k) = j*k**2 + 2 - k**2 - 3*k + 2*k - 15. Determine y(0).
-13
Let a(v) = 8*v + v + v**3 + 2 - 13*v + 1. Determine a(3).
18
Suppose 0 = 3*z + 2*g + 19, 4*z - g + 16 = g. Let s be -2 + 8/4 + z. Let a(d) be the third derivative of -d**4/24 - d**2. Determine a(s).
5
Let w(r) be the first derivative of -r**4/2 - r**3 + r**2/2 - 4*r - 140. What is w(-3)?
20
Let l(f) be the first derivative of -f**4/4 + f**3 + 7*f**2/2 + f - 136. Calculate l(5).
-14
Suppose 3*r - 16 = -31. Let v(b) = b**2 + 5*b - 5. Calculate v(r).
-5
Let i(o) = 11*o + 16. Suppose m = -5*c + 30, 0 = -0*m - m + 3*c - 10. Let y(d) = -7*d - 11. Let l(g) = m*i(g) + 8*y(g). Give l(-6).
-2
Let j = -468 - -461. Let x(c) = c**2 + 6*c + 3. What is x(j)?
10
Let x(s) = 9*s + s**2 - 2 + 8*s**2 + 9 + s**3. Suppose 5*m - 5*h + 30 = 0, 10*m + 5*h = 5*m - 50. Calculate x(m).
-1
Let p(i) = i**3 - 3*i**2 - 2*i + 4. Suppose -12 = -3*u, -2*u = 5*j - 3*u - 456. Let s = j + -89. Calculate p(s).
-2
Let c(a) be the second derivative of a**4/12 - a**3/3 - a**2/2 + a. Suppose 2*j - 2*s = 12, -2*j - 5*s = -17 + 33. Give c(j).
-1
Let y be (3*3)/(9/6). Let l = -4 + y. Let r(w) = -147 + 3*w - 5*w**2 + 147 + 0*w**2. What is r(l)?
-14
Let o(n) = -n**3 - 4*n**2 + 7*n + 3. Let b = -234 + 229. What is o(b)?
-7
Let i(p) = 221 - 446 + 216 - p. Calculate i(-6).
-3
Suppose -4 = -c - 2*w, -3*c = 2*w + 1 - 13. Suppose 0 = q + c*q + 5. Let x(f) = -4*f + 4. Let k(y) = -5*y + 5. Let o(b) = -3*k(b) + 4*x(b). Calculate o(q).
2
Suppose 16*k - 10*k - 42 = 0. Let s(b) = b - b**2 + 5*b + 0*b**2 + 0 + 2. Calculate s(k).
-5
Let t(m) = m**2 + 19*m - 49. Let a be t(-22). Let b(n) = -n + 18. Determine b(a).
1
Let h(s) be the first derivative of s**4/4 - s**3 - 8*s + 495. What is h(4)?
8
Let c be (-42)/9*1*-3. Suppose 2 - c = -4*q. Suppose q*j + 3 = -9. Let a(p) = p + 8. Determine a(j).
4
Let m(o) = -o**3 - 3*o**2 + 5*o - 3. Let n = -202 - -223. Suppose 2*v + v + 75 = 0. Let a = v + n. Give m(a).
-7
Let r(z) be the first derivative of -13*z**2/2 + 711. Calculate r(-3).
39
Let m(q) = -2*q - 8. Let o be -1 + 4 + 1 + 0. Suppose o*k + 3*s - s = -26, -3*s = 3*k + 18. Determine m(k).
6
Let l(s) = -1 - 3 - 104*s + 107*s. Let m = 5 + -2. Calculate l(m).
5
Let i(m) = 75*m**3 - 6*m**2 - 4*m + 6*m**2 - 74*m**3 + 5. Let s be i(2). Let y(k) = k**3 - 6*k**2 + 4*k + 2. Determine y(s).
-3
Let k(g) = -g**2 - 12*g - 4 - 14 + 24. What is k(-12)?
6
Let q(z) be the second derivative of -1/20*z**5 - 2/3*z**3 + 0 - 2*z + z**2 + 1/3*z**4. Suppose -92*v + 84*v = -16. Determine q(v).
2
Let d(k) = -k. Let f(j) = 6*j + 4. Let c(x) = 2*x - 9. Let u be c(4). Let v(t) = u*f(t) - 5*d(t). Let h(m) = -m**2 - 6*m + 1. Let r be h(-7). Calculate v(r).
2
Let x(l) = -10 - 5*l + l - l**2 - 4*l. Let c(a) = -22*a**3 - a**2 - 7*a - 7. Let h be c(-1). Let g be (-1 - 0)/(4 + (-81)/h). Give x(g).
-3
Suppose -3*s - 3 = 3*f, 2*f - 12 = 5*s + 7. Let u(i) = 4*i**2 - i + 0 - 2 - 10*i**f + 9*i**2. Determine u(2).
8
Suppose -5*m - 1 = -16. Suppose -m*h = -0*h. Let i(u) = -2*u + h*u - 2 - 1 + 7. Determine i(3).
-2
Let n be 6 + 2 + (2 - 2). Let h(k) = k - n*k + 0*k. Suppose 3*p + 3*r + 21 - 12 = 0, 4*r + 19 = 3*p. Determine h(p).
-7
Let n(x) = 3*x + 1. Let w be ((-165)/(-5))/((-6)/8). Let v = w + 24. Let b = v - -23. Calculate n(b).
10
Suppose 0 = -2*p + 6, r + 11*p - 6 = 9*p. Let w(c) = c**2 - 8*c + 1. Calculate w(r).
1
Let k(w) = -w**2 + 2*w + 2. Let x(p) = -p - 1. Let q be x(-6). Calculate k(q).
-13
Let n be ((-3 + 3)/(-1))/2. Suppose 0*j - j + 5*t = -2, 3*j + 5*t = -14. Let y = j + n. Let p(k) = k**3 + 3*k**2 + 3*k + 4. Determine p(y).
-5
Let k be 1450/130 - (-2)/(-13). Let m(i) = -4*i + 12. What is m(k)?
-32
Let k(c) = -3*c**2 - 12*c - 7. Let v(h) = 8*h**2 + 35*h + 22. Let q(g) = 11*k(g) + 4*v(g